{"id":1582,"date":"2019-12-12T10:30:56","date_gmt":"2019-12-12T10:30:56","guid":{"rendered":"https:\/\/aerodromisrbije.rs\/sajt\/?page_id=1582"},"modified":"2020-12-15T15:12:27","modified_gmt":"2020-12-15T15:12:27","slug":"odnosi-sa-javnoscu","status":"publish","type":"page","link":"https:\/\/aerodromisrbije.rs\/sajt\/odnosi-sa-javnoscu\/","title":{"rendered":"Press info"},"content":{"rendered":"<p>[vc_row][vc_column box=&#8220;true&#8220; bgcolor=&#8220;#ffffff&#8220;][vc_column_text css=&#8220;.vc_custom_1576147653724{padding-bottom: 3% !important;}&#8220;]<\/p>\n<h2>Odnosi sa javno\u0161\u0107u<\/h2>\n<p>[\/vc_column_text][vc_column_text]<\/p>\n<h3 class=\"red-text\">Ivanka Stanisavljevi\u0107<\/h3>\n<p><strong>Samostalni saradnik za marketing i odnose sa javno\u0161\u0107u<\/strong><\/p>\n<p>Telefon: <a href=\"tel:+381184150573\">+381(0) 18 415 05 73<\/a><br \/>\nFax: <a href=\"tel:+381184583003\">+381(0) 18 4583 003<\/a><br \/>\ne-mail: <a href=\"mailto:press@aerodromisrbije.rs\">press@aerodromisrbije.rs<\/a>[\/vc_column_text][\/vc_column][\/vc_row]<\/p>\n","protected":false},"excerpt":{"rendered":"<p>[vc_row][vc_column box=&#8220;true&#8220; bgcolor=&#8220;#ffffff&#8220;][vc_column_text css=&#8220;.vc_custom_1576147653724{padding-bottom: 3% !important;}&#8220;] Odnosi sa javno\u0161\u0107u [\/vc_column_text][vc_column_text] Ivanka Stanisavljevi\u0107 Samostalni saradnik za marketing i odnose sa javno\u0161\u0107u Telefon: +381(0) 18 415 05 73 Fax: +381(0) 18 4583 003 e-mail: press@aerodromisrbije.rs[\/vc_column_text][\/vc_column][\/vc_row]<\/p>\n","protected":false},"author":1,"featured_media":0,"parent":0,"menu_order":0,"comment_status":"closed","ping_status":"closed","template":"page-templates\/template-fullwidth.php","meta":[],"_links":{"self":[{"href":"https:\/\/aerodromisrbije.rs\/sajt\/wp-json\/wp\/v2\/pages\/1582"}],"collection":[{"href":"https:\/\/aerodromisrbije.rs\/sajt\/wp-json\/wp\/v2\/pages"}],"about":[{"href":"https:\/\/aerodromisrbije.rs\/sajt\/wp-json\/wp\/v2\/types\/page"}],"author":[{"embeddable":true,"href":"https:\/\/aerodromisrbije.rs\/sajt\/wp-json\/wp\/v2\/users\/1"}],"replies":[{"embeddable":true,"href":"https:\/\/aerodromisrbije.rs\/sajt\/wp-json\/wp\/v2\/comments?post=1582"}],"version-history":[{"count":3,"href":"https:\/\/aerodromisrbije.rs\/sajt\/wp-json\/wp\/v2\/pages\/1582\/revisions"}],"predecessor-version":[{"id":2519,"href":"https:\/\/aerodromisrbije.rs\/sajt\/wp-json\/wp\/v2\/pages\/1582\/revisions\/2519"}],"wp:attachment":[{"href":"https:\/\/aerodromisrbije.rs\/sajt\/wp-json\/wp\/v2\/media?parent=1582"}],"curies":[{"name":"wp","href":"https:\/\/api.w.org\/{rel}","templated":true}]}}